h) = 3*h**3 - 14*h**2 + 9*h + 6. Let s(a) = -p(a) - 2*q(a). Let i(c) = -3*c + 11. Let w be i(0). Give s(w).
-4
Let d(x) be the second derivative of x**4/6 - 2*x**3/3 + 3*x**2/2 - x - 26. Calculate d(2).
3
Let y(s) = s**2 - 6*s. Suppose 2*c + 30 = 4*t, -5*t + 0*c + 30 = -c. Determine y(t).
-5
Let l(w) be the second derivative of -1/6*w**3 + 4*w + 3/2*w**2 + 0. Calculate l(7).
-4
Let x(y) be the first derivative of y**3/3 - 6*y**2 - y - 207. Determine x(11).
-12
Let n(w) = -5*w - 16. Suppose 39 = 6*d + 75. Determine n(d).
14
Let p(m) be the first derivative of -2*m**3/3 - 14*m**2 - 5*m - 6. Let w be p(-14). Let l(i) = i**2 + 5*i + 5. Determine l(w).
5
Let l be (165/(-110))/(0 + (-1)/(-2)). Let k(f) = 2*f**3 + 4*f**2 + 3*f + 4. Determine k(l).
-23
Let u(r) = -13*r. Let c = -259 - -258. Determine u(c).
13
Let n be (-104)/3*(-45)/(-30). Let p be (-10)/4*(n - 2). Let z be 30/p + 2/(-9). Let o(g) = g**3 + 7. What is o(z)?
7
Let j(k) = 2*k**2 + 12*k - 24. Let c be j(-8). Let l(d) = d + 6. Calculate l(c).
14
Let u(p) = -31127 - 25*p + p**3 + 31102 + 24*p. Let h be 1*(-1 + 0 + 1). Give u(h).
-25
Let d(t) be the second derivative of -t**4/12 + 4*t**3/3 - 7*t**2/2 - 587*t. What is d(6)?
5
Let w(g) = -g**3 + g**2 - g - 3. Suppose -5 = -6*j + 13. Suppose -8 = -7*z + j*z. Suppose 5 = -4*l + 1, 0 = z*k - l - 1. What is w(k)?
-3
Let a(v) = -v**3 + 5*v**2 + 4*v + 7. Let r(y) = -y**2 - y + 6. Let b(q) = -q**2 - 6*q. Let f be b(-6). Let k be r(f). Calculate a(k).
-5
Let u(g) = 14*g**3 - 2*g**2 + 4*g + 2. Let z(c) = c**3 - c**2 + c + 1. Let p(t) = -u(t) + 3*z(t). Suppose 2*k - 5*h - 173 + 166 = 0, 4*h = -4*k. What is p(k)?
-12
Let q be (-8)/(0 + 4) - -5. Let o(g) = -g + 5. Let r(z) = z - 4. Let t(c) = 5*o(c) + 7*r(c). What is t(q)?
3
Suppose -2*h - 1 = 5. Let g(c) = -3*c - 1. Let u = 28 - 18. Let a(q) = q. Let p(d) = u*a(d) + 4*g(d). Give p(h).
2
Let z(f) = f**3 - 9*f - 102 + 93 - 3*f**3 + f**3 + 10*f**2. What is z(9)?
-9
Let i(k) be the third derivative of k**9/60480 - k**8/3360 - k**7/2520 + k**6/120 + k**5/6 - k**2. Let c(j) be the third derivative of i(j). Give c(6).
-6
Let s = -25 - -27. Suppose -9*h = s*h. Let l(q) = -q**2 + 7. Determine l(h).
7
Let a(s) be the first derivative of s**3/3 - 5*s**2 + 7*s - 80. Determine a(8).
-9
Suppose 0 = -2*p + l + 9, -4*p = -5*p - 5*l - 1. Let g(m) = -5*m - 4*m**2 + m**2 + p*m**2 + 1. Calculate g(7).
15
Let z = -88 + 92. Let d(k) = -4 - 2*k - k**2 - z*k**2 + 0 + 4*k**2. Determine d(-3).
-7
Let y(l) be the third derivative of -l**6/120 + l**5/20 + l**4/6 - l**3/6 + 60*l**2 - 3*l. Determine y(4).
-1
Let o(s) = s**3 - s - 2. Let n(t) = t**2 - 2*t + 2. Let x = -26 + 28. Let h be n(x). What is o(h)?
4
Let o(t) = -t**3 + 13*t**2 - 12*t + 3. Let x be o(12). Let m be x + -6 - (3 - 6). Let b be (m - -1)*(-8 + 5). Let f(d) = d**3 + 4*d**2 + 2*d - 4. Give f(b).
-1
Let h(u) = 3*u**2 + 2*u**2 - 2*u + 2 - 2*u**2. Calculate h(2).
10
Let n = 533 + -535. Let f(v) = -3*v**3 - 2*v**2 + 2*v + 3. Calculate f(n).
15
Let n be 172/(-129)*(-3)/(-2). Let c(p) = 5*p**2 + 2*p + 2. What is c(n)?
18
Let l(m) be the third derivative of m**5/60 - 2*m**3/3 - m**2. Suppose -1208*f + 1188*f = 0. Determine l(f).
-4
Suppose -5*p = -2*k - 11 - 4, k + 20 = 5*p. Let j(x) = -172*x + 45*x + 11 + 126*x. Give j(k).
6
Let s(b) = -2*b - 14. Let v(o) = -o. Let u(k) = -s(k) + v(k). Give u(-12).
2
Let n be (0 + 0)/(10 - 11). Let f(k) = k**3 + 5. Determine f(n).
5
Let m be 4/3*72/16. Let n(t) = -5*t - 2. Give n(m).
-32
Let b(u) = u**3 + 4*u**2 - u - 5. Let m be 3/((-9)/46)*3. Let j = -27 - m. Suppose -5*s = j + 1. Determine b(s).
-1
Suppose -15 = 3*s - 33. Let n(l) = -l**3 + 7*l**2 - 8*l + 8. What is n(s)?
-4
Let t = -25 + 26. Let b(v) = 0*v - 3 + 1 + v - v**2 - t. Let u = -1 - -1. Calculate b(u).
-3
Let y(j) = -7*j + 25. Let n(t) = 5*t - 25. Let m(a) = 4*n(a) + 3*y(a). What is m(0)?
-25
Let o(y) = y**3 + 2*y**2 - y + 1. Let z be o(-2). Let f be z*-2*2/(-6). Suppose 4*d - 2*d + f = 0. Let n(r) = 6*r**2 + r + 1. What is n(d)?
6
Let b(c) = -4*c. Suppose 3*r + 5*v = -19, 2*r = -4*v - 12 - 2. Let g(y) = 11*y - 1. Let l(o) = r*g(o) - 8*b(o). Determine l(6).
-3
Let v(i) = -2 + 14*i**3 + 23*i**2 - 13*i**3 - 17*i**2. Give v(-5).
23
Let t(j) = j**3 - 4*j**2 - j. Suppose 4*x - 11 = -r, -5*x + 5*r = -17 - 3. Calculate t(x).
-12
Let o(g) = g**2 + 6*g + 2. Let y(h) = 5*h + 11. Let z(f) = -9*f - 21. Let i(c) = 7*y(c) + 4*z(c). Let b be i(0). What is o(b)?
9
Let g(y) be the third derivative of y**3/2 - 26*y**2. Let s(t) = t + 3. Let a(w) = 5*g(w) - 4*s(w). Determine a(3).
-9
Let t(j) = j**3 - 3*j**2 - 4*j + 5. Let p = 84 - 91. Let i = 11 + p. What is t(i)?
5
Let c(d) be the second derivative of -2*d - 1/60*d**5 + 0 + 3/8*d**4 - 1/2*d**3 + 3/2*d**2. Let z(n) be the first derivative of c(n). Calculate z(7).
11
Let d(c) = -6. Let k(n) = -1. Let s(v) = -4*d(v) + 21*k(v). Let r(f) = f. Let b(i) = 4*r(i) - s(i). Give b(-3).
-15
Let k(a) = 22*a + 87. Let i be k(-4). Let x(z) = 19*z**2 + 1. Calculate x(i).
20
Let d(l) = l**3 - 2*l**2 + 1. Let r be d(1). Suppose 0 = 5*c + a - 16, -c + 6*c + 4*a - 19 = r. Let s(h) = 1 - 2*h - 3*h + 1 - c. Give s(2).
-11
Let v(a) = -7*a - 10 + 16 + 27 + 17 - 17. Calculate v(4).
5
Let f(u) = -u - 2. Suppose -66 = 13*n - 2*n. Give f(n).
4
Let c(b) = b**2 + 4*b + 3. Suppose -3*v = 5*k + 11 + 1, 2*k = 0. Let w be c(v). Let l(m) = -w*m - 4 - 1 + 5. What is l(-1)?
3
Let q(s) = -74 + 41 + 34 + 3*s. Let j(o) = -2*o + 0*o + 0 + 0. Let z(k) = -4*j(k) - 3*q(k). What is z(0)?
-3
Let l(f) = 4*f - 7. Let k be 10 + 6*7/(-14). Determine l(k).
21
Let p(c) be the third derivative of -c**5/60 + c**4/12 + c**3/2 - 551*c**2. Determine p(4).
-5
Suppose -u - 2*u = 2*u. Let w(p) = -3 - p**2 + u*p - 5*p + p + 5*p. Calculate w(4).
-15
Let s = 219 + -227. Let f(u) = u**2 + 9 - 10*u - 2*u**2 + 2*u. What is f(s)?
9
Let o be 19/4 + 2/8. Suppose 6*t + 3*q = o*t, -t = -5*q - 8. Let w(p) = 0*p**3 - 3*p**2 - 2*p**3 - p + 0*p**t. Determine w(-2).
6
Let h(a) be the first derivative of -a**3/3 - a + 3651. Let p(m) = -m**3 - 5*m**2 + 7*m + 6. Let t be p(-6). Determine h(t).
-1
Let c(h) = -2*h + 4. Let j(w) = 8*w**2 - 3*w - 1. Let v be j(-1). Suppose 0 = -4*s - i - v, -2*s - 3 = 2*i - 1. Determine c(s).
10
Let s(h) = 4*h**2 - 29*h - 9. Let p(w) = -2*w**2 + 15*w + 4. Let g(z) = -11*p(z) - 6*s(z). Give g(8).
-46
Let d(p) = p**2 + 7*p + 6. Suppose 0*j = -5*h - j + 28, -5*j - 22 = -2*h. Let t be (8/h)/(6/(-9)). Let v be (-100)/30 + t/3. Calculate d(v).
-6
Let h(i) = -i. Let y(q) = q**3 + 4*q**2 + 3*q - 4. Let b be y(-4). Let l be 1/(-5 + (-76)/b). Give h(l).
4
Suppose -86*c = -81*c - 5, 4*b + 33 = c. Let w(d) = -6*d + 4*d**2 - 7 - 3*d - 5*d**2. Give w(b).
1
Let k be -13 + (9 - 7) + 4. Let o(s) be the second derivative of -s**3/6 - 4*s**2 - 3*s. What is o(k)?
-1
Let a(o) = 36 + 2*o - 44 + 2*o - 3*o - 4*o. Let g = 1 - 7. Determine a(g).
10
Let b(u) = -3*u**2 + 7*u - 1. Let i(k) = -k**2 + 2*k. Let h(z) = -b(z) + 5*i(z). Give h(1).
2
Let d(u) = u**3 - 5*u**2 + 6*u - 4. Let v be 8 - (-2 + 1 + 4 + 1). Determine d(v).
4
Let s be 10 - (-8)/(-10)*10. Let p(i) be the third derivative of -i**5/60 + i**4/6 - 2*i**2. Determine p(s).
4
Let g = 4 - 0. Let d(j) = -7*j**2 + j - j**3 - 6*j**2 - g*j**2 + 9 + 3*j**2. Let l be d(-14). Let b(k) = k**3 + 5*k**2 - 3. Calculate b(l).
-3
Let a be 12/(15/5)*1. Suppose -a*d - 6 = -2. Let k be (1/3*0)/d. Let q(m) = m - 1. Calculate q(k).
-1
Let p(n) = -n**2 - 3*n. Let v = -28 - -25. Let m be 0 + v*12/9. Determine p(m).
-4
Let l(b) = 2*b + 4*b - b + 3. Let s(f) = -f - 3. Let p be s(26). Let r = -31 - p. What is l(r)?
-7
Let p(h) = h. Let s be (-3 + 1 - -17)*(-6)/(-30). Determine p(s).
3
Let h(p) be the first derivative of -1/2*p**2 + 1/4*p**4 + 6 + 0*p**3 - p. What is h(2)?
5
Let i = -1318 - -1323. Let z(a) = -a**2 + 2*a + 10. Determine z(i).
-5
Let o(u) = -u**3 + 12*u**2 - 12*u + 15. Let j be (-22)/4*1*(-27 + 25). Determine o(j).
4
Let h(p) = 2*p + 15 + 4*p**3 - 7 - p**2 - 9 - 3*p. Suppose 4*r + 1 + 3 = 0. Calculate h(r).
-5
Let f be (-3 + 3)/(3/(-1)). Let p(d) = d**2 + d - 3 - 5*d + f. Suppose -24 = -3*a - 3*o, -o = -4*a + 14 + 3. Give p(a).
2
Let a be -2*(((-105)/(-6))/(-5) + 3). Suppose 2*g = g + a. Let z(o) = -16*o**2 + 2*o - 1. Calculate z(g).
-15
Let q(z) = -z**3 - 6*z**2 -